rime factors of i.
5
Suppose 2*q = 3*q + 4. Let v = q - -6. List the prime factors of v.
2
Suppose -p - 3 = -x - 0*x, -10 = -4*x + 2*p. Let i be 3 + (93 - -1)/x. Suppose -5*j - 4*t + i = 0, 4*j - 33 = t + 28. List the prime factors of j.
2, 7
Let i = 7 + -5. Suppose -6 = i*v + 4. Let f(m) = -3*m - 5. List the prime factors of f(v).
2, 5
Suppose -61 - 161 = -6*m. What are the prime factors of m?
37
Suppose 0 = -w - 3*l + 25, 4*l - 34 - 56 = -3*w. What are the prime factors of w?
2, 17
Suppose 151 = 3*a - 5*t + 7*t, -3*t + 202 = 4*a. What are the prime factors of a?
7
Suppose -102 = -4*p + p. What are the prime factors of p?
2, 17
Let t(j) = -j**3 - 4*j**2 + 4*j + 3. Let d be (-2 + (-2)/(-2))*5. Let f be ((-50)/4)/d*-2. What are the prime factors of t(f)?
2
Let b = 14 - -49. Suppose -5*f + 97 - 10 = 3*s, -5*f + b = -3*s. What are the prime factors of f?
3, 5
Suppose 2*l + l - 147 = -3*n, -5*n - 2*l + 248 = 0. What are the prime factors of n?
2, 5
Let i = -10 - -17. Let k = 18 - i. Let f = 22 - k. What are the prime factors of f?
11
Let h(q) = -q + 5. Let p be h(-9). Let v = -1 + p. List the prime factors of v.
13
Suppose c - 12 = -5*o, -3*o + 3*c = 2*o - 24. Suppose 0 = -3*u - f + 36, -8*f = -o*f. What are the prime factors of u?
2, 3
Suppose -3*k = 2*a - 106, 2*a - k - 114 = -0*a. Suppose -5*u = y - a, 36 = -3*y + 4*y - 5*u. Suppose 3*b + 13 = y. List the prime factors of b.
11
Let w(q) = -88*q**3 - 1. What are the prime factors of w(-1)?
3, 29
Suppose 3*b - 288 = -5*l, l + l - 119 = -5*b. What are the prime factors of l?
3, 19
Let h = 12 + -7. Suppose h*p + 145 = 10*p. List the prime factors of p.
29
Suppose 0 = 3*f + 4*s - 96, -s = -2 - 1. Suppose -f = -4*y - 0*y. What are the prime factors of y?
7
Let m be 16 - 3 - (-3 - 0). List the prime factors of (36/m)/((-3)/(-32)).
2, 3
Let z = -1 - 4. Suppose 4*x + 70 = 9*x. Let j = z + x. What are the prime factors of j?
3
Let o = -146 + 168. List the prime factors of o.
2, 11
Suppose j - 3*n = -0*j + 27, -4*j + 5*n = -94. What are the prime factors of j?
3, 7
Let u = -5 + 3. Let j be (-1 - 3/(-3))/u. List the prime factors of (j - -1)/((-2)/(-8)).
2
Suppose r - y = 2*r - 28, -3*y - 84 = -4*r. List the prime factors of r.
2, 3
Suppose 2*z - 55 = -t, -z + 4*t = 2*z - 77. Suppose -2*n - 47 + 11 = 0. Let m = n + z. What are the prime factors of m?
3
Let h(x) = x**3 - 2*x**2 - 4*x + 1. Let g be h(4). Let b = -8 + g. List the prime factors of b.
3
Suppose n - 28 = -0*n - 5*x, 5*x = 25. What are the prime factors of (6*7)/2 + n?
2, 3
Let k(g) = g - 5. List the prime factors of k(11).
2, 3
What are the prime factors of 2*(5 - 0)*2?
2, 5
Let o be (-3)/(-3)*(6 + -1). Suppose -5*v = o*n - 45, 3*n + v - 22 = -v. List the prime factors of n.
2
Suppose 5*z - 1 = -l - 3, l - z = 4. Let g be ((-1)/(-2))/(1/2). Let i = g + l. What are the prime factors of i?
2
Suppose 16 = 4*w + 5*u - 12, w = 2*u - 6. Suppose 4*p + 3*x = -13, -5*p = -3*x - 6 + w. What are the prime factors of p - 0 - (-9 - 2)?
2, 5
Let p(v) = v + 1. Let r(u) = 7*u + 14. Let f(i) = -6*p(i) + r(i). List the prime factors of f(8).
2
Suppose -289 = -8*n - 81. List the prime factors of n.
2, 13
Let y be 1*2 + -7 + 8. Suppose -y*q + 169 = 4*o, -3*o - 6*q = -q - 135. What are the prime factors of o?
2, 5
Let i = 8 + -6. Let a(d) = d**3 - d**2 - 2*d + 3. Let w be a(3). Suppose i*q - 2*m = 3*m + 33, -5*m = w. List the prime factors of q.
3
Let i be 12/(-10)*(-20)/8. Let o = i - -1. Suppose -2*p + 3*m + 11 = -p, o*p + m - 44 = 0. What are the prime factors of p?
11
Suppose 206 = 5*a - z - 4, -2*a + 106 = 4*z. What are the prime factors of a?
43
Let f(n) be the second derivative of -n**4/12 + n**3 + n**2 + n. Let w be f(6). Suppose -w*u + 24 = 2*u. What are the prime factors of u?
2, 3
Let n(q) be the first derivative of -1/3*q**3 + 7/2*q**2 + 5*q - 3. List the prime factors of n(7).
5
Suppose 0 = -5*j + 526 + 314. List the prime factors of j.
2, 3, 7
Let d be -6 + 3 + 10 + -1. Let x be (-3)/((-27)/(-12))*d. Let f(g) = -2*g + 4. What are the prime factors of f(x)?
2, 5
Let d(j) = 41*j. Let s be d(1). Suppose -3*k = k - 8, i = 3*k + s. What are the prime factors of i?
47
Let i(s) = -9*s - 3. What are the prime factors of i(-31)?
2, 3, 23
Let b = 35 + -50. Let f = 17 - b. What are the prime factors of f?
2
Let o = 3 - -2. Suppose i - o = -2. Suppose -50 = -2*v - i*v. List the prime factors of v.
2, 5
List the prime factors of ((-360)/(-14))/((-2)/(56/(-6))).
2, 3, 5
Let o(b) = -b**3 - 3*b**2 + 7*b + 1. Suppose 5*x = -18 - 47. Let r = -18 - x. What are the prime factors of o(r)?
2
Let w(h) = h + 20. Let r be w(0). Suppose 5*f - r = 110. List the prime factors of f.
2, 13
Let i = -14 + 2. What are the prime factors of (-82)/(-4) - (-6)/i?
2, 5
Let z = 2 - -1. Let s = 13 - -22. Suppose 4*a - s = z*x + 13, -5*x = 20. What are the prime factors of a?
3
List the prime factors of ((-26)/(-6))/(6/18).
13
Suppose -64 = 4*h - 8*h. What are the prime factors of h?
2
List the prime factors of (-12)/30*(-120 - 0).
2, 3
Suppose 0 = -14*w + 6*w + 2144. What are the prime factors of w?
2, 67
Let y(b) be the third derivative of 5*b**4/12 - b**3/6 - b**2. Let d be ((-12)/(-20))/3*5. What are the prime factors of y(d)?
3
Suppose -4 - 6 = -5*b. Suppose -20 = 3*w - 7*w + n, 0 = 4*w + 4*n - 40. Suppose -8 = -w*o + b*o. What are the prime factors of o?
2
Suppose 4 = -5*b + 4*q - 6, 0 = q. What are the prime factors of 93/b*(-28)/21?
2, 31
Suppose 0 = x + 5*x. Suppose -3*k - 2*k + 250 = x. List the prime factors of k.
2, 5
Let g be ((-12)/10)/((-6)/20). Let a(j) be the third derivative of j**4/24 - 13*j**2. List the prime factors of a(g).
2
Let a be 2 - -2*1 - 2. Suppose -q - 2 = -a*q + t, 2*q - t - 2 = 0. List the prime factors of (-1 - 0)*(q + -7).
7
Let v be ((-18)/(-24))/((-1)/(-4)). List the prime factors of (-6)/4*(-14)/v.
7
Suppose -5*k + 65 = -65. What are the prime factors of k?
2, 13
Suppose 2*i + 4 = 26. Let o(n) = -6*n**2 - n - 1. Let h be o(-1). Let w = i + h. List the prime factors of w.
5
Suppose 0 = h + 3 - 4. What are the prime factors of (-1)/(-1) - (-5)/h?
2, 3
Suppose 0 = -6*q + 2*q + 28. Let i = q - 3. List the prime factors of (-6)/i*(-4)/3.
2
Suppose -4*v + 3*x = -33, -x = 3*v + v - 53. Let m = v - 0. List the prime factors of m.
2, 3
Let g(i) = -2*i**2 - i + 3. Let n be g(0). Suppose 5*o - c - 116 = 0, n*o - 124 = -2*o - c. List the prime factors of o.
2, 3
Let u be 0 + (2 - 2/(-2)). Let o(w) = w**3 - 3*w**2 + w - 1. Let f be o(u). Suppose f*p + 4 - 22 = 0. What are the prime factors of p?
3
Let k(v) = -v**2 + 8*v + 7. Let l be k(8). Suppose 0 = q - 4*s + l, 3*q = q + s + 14. What are the prime factors of q?
3
Let y(a) = 3*a - 17. What are the prime factors of y(22)?
7
Let x(u) = -u**2 + 16*u + 1. What are the prime factors of x(14)?
29
Suppose 6 + 6 = 4*k. Suppose -s - 2*s - 3*b = -24, -36 = -5*s - k*b. Let a = s + 5. What are the prime factors of a?
11
Let t(a) = a**2 + 14*a - 12. Let x be t(-15). Suppose -4*b + 63 = x*r - 59, 4*r = -b + 154. List the prime factors of r.
2, 19
Let o(a) be the third derivative of a**4/12 - 5*a**3/6 + a**2. What are the prime factors of o(6)?
7
Let l(p) = p**3 - p + 4. Let z be l(3). List the prime factors of z/10*10/4.
7
Let v(n) be the first derivative of -n**4/4 + 7*n**3/3 + n**2 + 2*n + 4. What are the prime factors of v(7)?
2
Suppose h + 7 - 57 = 0. List the prime factors of h.
2, 5
Suppose -12 = 2*d - 2*q + 6*q, -3*q = -3*d + 9. Suppose -4*n + 6*n - 4 = d. List the prime factors of n.
2
Suppose 2*r - i + 56 = 146, 4*i = 8. List the prime factors of r.
2, 23
Suppose 4*u - 314 = 94. What are the prime factors of u?
2, 3, 17
Let g = 179 - 126. What are the prime factors of g?
53
Let c be 25 - (3 - 0/1). Let i = 12 + c. What are the prime factors of i?
2, 17
Let p(d) = -13*d - 6. List the prime factors of p(-3).
3, 11
Suppose -328 = 2*a - 4*m, 2*m - 488 = 3*a - 0*m. What are the prime factors of a/(-10) + 4/(-20)?
2
Let d(p) = p**3 + 5*p**2 - 17*p - 4. List the prime factors of d(-7).
17
Let z(r) = 4*r - 6. Let h be (3/3)/(3/21). Let j be z(h). Suppose 5*w + 18 = 4*g - 26, 0 = 2*g + 5*w - j. List the prime factors of g.
11
Suppose 2*c - 103 = -5*x, 3*x - 28 = -3*c + 41. What are the prime factors of x?
19
Suppose -5*y = -